 t.
6
Let n be ((-8)/8)/(1/(-2)). Let y(z) = 5*z - 17. Let t be y(5). Suppose t*c = 7*c + 14. What is the highest common divisor of c and n?
2
Let d = 23 + 4. Let b(a) = 3*a**2 - 14*a + 17. Suppose 4*p - 26 = -0*p + 2*s, 2*p + 7 = -3*s. Let f be b(p). Calculate the greatest common divisor of f and d.
9
Suppose -4*q + 250 = -5*c, -3*q + 15*c + 189 = 12*c. Calculate the highest common factor of 26 and q.
13
Let c = -20 - -47. Let m be ((-36)/60)/((-447)/(-90) + -5). What is the greatest common divisor of c and m?
9
Let i = -2580 + 2601. Let b be (-316)/(-3) - 2/6. What is the greatest common factor of b and i?
21
Let p be 8/(-4)*(1 - 21/6). Let n be p*((-110)/(-25) - 0). What is the highest common factor of 2 and n?
2
Let y(r) = -66*r + 16*r**2 + 66*r. Let z be y(1). What is the greatest common divisor of 40 and z?
8
Let l = -142 + 247. Let s(u) = -2*u - 19. Let x be (-350)/20 + 2/4. Let r be s(x). What is the highest common divisor of l and r?
15
Let c be 15/3 + 17 + 3. Calculate the greatest common factor of 475 and c.
25
Let q(l) be the third derivative of l**5/60 + l**4/24 - 7*l**3/6 + 11*l**2. Let f be q(8). What is the greatest common factor of 13 and f?
13
Let t(n) = -2*n - 7. Let i(z) = -2*z - 8. Let s(y) = -3*i(y) + 4*t(y). Let o be s(-7). Let v = 200 - 110. Calculate the greatest common factor of o and v.
10
Suppose -808*s - 1553 = -3*c - 807*s, c - 4*s = 536. Calculate the greatest common divisor of c and 24.
12
Let p(d) = -d**2 + 2*d + 42. Let w be p(0). Let g(a) = 12*a + 2*a**2 + 9*a + 6 - 15*a. Let s be g(-3). What is the greatest common factor of w and s?
6
Let v be (-9)/(81/30)*-15. Calculate the greatest common factor of v and 50.
50
Suppose 5*i - 2*g - 135 = 0, -g = 3*g. Suppose -u - 1 + 4 = 0. Calculate the greatest common factor of i and u.
3
Suppose 2*w - 9*w + 224 = 0. Calculate the greatest common factor of w and 1.
1
Suppose x - 412 = -2*f, 150*x + 5*f + 2075 = 155*x. Calculate the highest common divisor of 18 and x.
18
Suppose 2*n - 24 = -4*m, -m - 4*n = -0*n + 8. Let s(r) = -r**3 + 7*r**2 - 2*r + 16. Let w be s(7). What is the greatest common factor of w and m?
2
Let i = 2 - 2. Suppose -4*a + 8*a - 140 = i. Calculate the greatest common factor of 105 and a.
35
Let o be 6 - ((-1983)/(-9))/(6/(-18)). What is the highest common factor of 23 and o?
23
Suppose 0*q = -5*q + 320. Let z(f) = f**3 - 10*f**2 - 10*f - 3. Let j be z(11). What is the greatest common factor of j and q?
8
Let k = -1033 - -1704. What is the highest common factor of 11 and k?
11
Let h be 4*3/30*195. Let u = h + -22. Let t = -1 + 9. Calculate the highest common factor of t and u.
8
Let s be 2*88/12*(-15 + 3). Let v = -134 - s. Let i = -1 + 7. Calculate the greatest common divisor of i and v.
6
Let m be (84/(-35))/(-1*(-5)/(-1525)). Calculate the highest common factor of 36 and m.
12
Let y be 7/(147/8050) + 1/(-3). Suppose -6*d = -y - 1003. What is the highest common factor of 21 and d?
21
Suppose 5*s - 1610 = -n, n - 54*s + 51*s - 1626 = 0. Calculate the greatest common divisor of n and 20.
20
Let c(o) = -8*o**2 - 23*o + 8. Let m be c(-3). Calculate the greatest common divisor of m and 305.
5
Let a = -220 - -283. What is the highest common divisor of a and 24?
3
Let f be 17 - (1 - -4)*8/20. Calculate the greatest common factor of f and 12.
3
Suppose -4*q + 1038 - 258 = 0. Calculate the greatest common factor of 117 and q.
39
Let o(z) be the third derivative of z**5/20 - 5*z**4/12 + 11*z**3/6 - z**2 + 1. Let s be o(4). What is the greatest common divisor of 171 and s?
19
Let v(c) = -2*c**2 + 38*c + 33. Let q be v(19). Let a(m) = 34*m**2 - 3*m + 2. Let t be a(2). Calculate the greatest common divisor of q and t.
33
Suppose 2*g - 7 + 0 = p, 3*p - 3 = 0. Calculate the greatest common factor of g and 316.
4
Let g = -56 + 59. Suppose 2*i - 28 = -g*a + 44, -2*a - i = -47. Calculate the highest common factor of 77 and a.
11
Suppose -68 = -2*a + 3*j, -2*a + j = -4*j - 60. Suppose 61*p = 56*p + a. What is the highest common factor of 8 and p?
8
Suppose -5*k + 730 = 3*g + 2*g, 4*g - 590 = 2*k. Suppose -6*t = -4*t - 4. Suppose t*d - d = -2*p + 23, 1 = p. What is the highest common factor of d and g?
21
Let r = 11 + -5. Suppose 3*h = -0*h. Let s be h + -3 + (-1 - -8). What is the greatest common factor of r and s?
2
Suppose 336 = 30*b - 204. What is the greatest common factor of 135 and b?
9
Suppose 289*y - 297*y + 864 = 0. What is the highest common divisor of 468 and y?
36
Let s = -1479 + 1555. What is the highest common factor of 16 and s?
4
Let p be ((-12)/(-14))/((-2)/(-28)). Let c(d) = 7*d + 8*d + d - 12. Let u be c(9). Calculate the highest common divisor of u and p.
12
Let w(t) = t**2 - t - 12. Suppose 5*l + 5*c + 3 = 33, 5*l + 3*c - 28 = 0. Let i be w(l). What is the greatest common factor of i and 72?
8
Let l(n) be the first derivative of -n**3/3 - 17*n**2/2 - 6*n + 12. Let j be l(-15). What is the highest common factor of 240 and j?
24
Let w be 3/(2 - (2 - 5/180)). Calculate the greatest common factor of w and 60.
12
Let d = 248 + -232. What is the highest common divisor of 1008 and d?
16
Suppose -4*y + 192 + 436 = 0. Let x(p) = -p**3 + 9*p**2 + 2*p + 7. Let i be x(9). Suppose y = v + i. Calculate the highest common factor of 12 and v.
12
Suppose 4*r + 19 = 43. Suppose -3*k = -3*l + k + 19, -2*l = -4*k - r. Let o(f) = 58*f + 1. Let a be o(2). What is the highest common divisor of l and a?
13
Let c(l) = 12*l**2 - 7*l - 21. Let v be c(4). Calculate the highest common factor of v and 22.
11
Let x(o) = 42*o**3 + o**2 - 7*o + 8. Let b be x(1). Calculate the highest common factor of b and 407.
11
Let a be (46/3)/1*(-13356)/(-212). Calculate the highest common divisor of a and 126.
42
Let j be ((-150)/15)/((-8)/52). Let d(a) = -2*a**3 + 2*a + 1. Let s be d(-2). What is the highest common divisor of j and s?
13
Let t be (-24)/(-4) + (-2 - 0). Let h be t/16*(-4 - -48). What is the highest common divisor of h and 33?
11
Let p be ((-736)/(-24))/((-2)/24). Let y be p/24*(-3)/2. Let u = 358 + -174. What is the greatest common factor of u and y?
23
Suppose -16*z = -5*z - 770. Calculate the greatest common divisor of z and 98.
14
Let b be 4/((-2 + 0)/2148). Let m be b/(-42) + (-2)/7. Suppose 4*l = -2*q + m, -3*l - 17 = -q - 86. What is the greatest common divisor of l and 60?
12
Let b be (4 - (4 - 1))/1. Let z be ((-198)/(-27))/(b/(-24)). Let h be 6/(-3) + z/(-4). Calculate the greatest common divisor of 6 and h.
6
Let z be ((0/3)/(-3))/(-3). Suppose z = a - 5*a + 20. Calculate the highest common factor of a and 25.
5
Let w = -216 - -253. What is the highest common divisor of 1369 and w?
37
Suppose -2*h - 6 - 2 = 0, -h + 128 = 3*p. Calculate the greatest common factor of 77 and p.
11
Let q be 7 + 7 + -11 + (-6)/2. Let x be (6 - 0)*(q - 12/(-9)). What is the greatest common divisor of x and 88?
8
Let v(n) = 8*n + 20. Let k be v(-3). Let s = 1 - k. Let b = -1 + 2. Calculate the highest common factor of s and b.
1
Let b be ((-1)/2)/(2/(-372)). Suppose 3*t + 5*s = 224 + 46, -5*t + 450 = 3*s. Let o = t - 59. Calculate the highest common factor of o and b.
31
Let a = -6 + 44. Let h(c) = 30*c - 3. Let p be h(2). What is the highest common factor of a and p?
19
Suppose 5*z = 4*k - k + 21, -3*z - 2*k = -5. Let w(y) = 5*y**3 - 2*y**2 - 2*y - 3. Let x be w(z). Calculate the highest common divisor of 12 and x.
12
Let j be -4 - (-3699)/18*2. Calculate the greatest common divisor of j and 148.
37
Suppose -j + 6*j - 50 = 0. Let d be 1 + -3 + 2 - -4. Let v = j - d. What is the highest common divisor of 6 and v?
6
Suppose -16*c + 1456 = 36*c. What is the highest common divisor of c and 189?
7
Suppose -302 + 30 = -8*m. Let h = m + 32. What is the greatest common divisor of 99 and h?
33
Let p = 238 + -178. Calculate the greatest common factor of p and 12.
12
Let c be 533/26*2 + 3*1. Calculate the highest common factor of 2024 and c.
44
Let g(s) = s**2 - 2*s - 8. Let p be g(6). Suppose p - 40 = -3*v. Suppose -2*z + 14 = 2*f, 3*f = -4*z + v*z - 7. What is the highest common divisor of f and 3?
3
Suppose y - 2*b - 9 = 0, 7*y - 12*y = -b - 27. Calculate the highest common divisor of 245 and y.
5
Suppose -n = 2, 3*y + 39 = 2*n + n. Let c = -10 - y. Suppose 0 = -4*t + 16, 224 = 2*q + c*t + 